and 12?
12
Let j = 1265 + -1037. What is the highest common divisor of j and 21?
3
Let a = -807 + 1964. What is the highest common divisor of a and 267?
89
Let b be ((-730)/5 + 4)*-2. Suppose -7*p + 2*o - b = -11*p, -5*o + 10 = 0. Calculate the highest common factor of 560 and p.
70
Suppose 0 = 8*t - 13*t + 5*h + 800, 0 = -4*t - 4*h + 592. Calculate the highest common divisor of 504 and t.
14
Let l be 16/2 + (98 - 102). Suppose 0*h = l*u - h - 303, -3*h - 62 = -u. What is the highest common factor of u and 14?
7
Let o be (984/(-615))/(2/(-10)). Suppose -25*n + 29*n = 112. Calculate the greatest common factor of n and o.
4
Let k be ((-21)/12)/(1*(-3)/12). Suppose -1 = 2*r + 5*m, m - k + 12 = 0. What is the greatest common divisor of 52 and r?
4
Let d be (-2 + 38)*9/(-27)*-9. What is the greatest common divisor of 2934 and d?
18
Suppose -5*i + 222 = -0*k + 3*k, 5*k + 106 = 3*i. Let a(r) = -r**3 + 17*r**2 - 105*r + 987. Let h be a(14). Calculate the greatest common factor of i and h.
21
Let j(f) = -f + 17. Let a be j(-32). Let d = -6 - -13. Calculate the highest common factor of d and a.
7
Let h = -2617 - -2702. Calculate the greatest common divisor of h and 510.
85
Let p be -2*(-732)/(-6)*-1. Suppose i - p + 196 = 0. What is the highest common factor of 12 and i?
12
Let v = 631 - 351. What is the greatest common factor of v and 266?
14
Suppose 0 = 5*o + q - 40 - 3, 5*o - 47 = q. Suppose 3 = 3*j, o*b - 41 = 8*b + j. Calculate the greatest common divisor of b and 14.
14
Let w = -3199 + 3243. What is the highest common factor of w and 77?
11
Suppose 3*y - 309 = -4*t, -20 = 5*y - y. Suppose 0*g = g + q - 45, -2*g - 5*q + t = 0. Calculate the greatest common factor of g and 12.
12
Let m = 21 + -19. Suppose 0 = 4*l - 12, 0*f + m*l = 5*f - 79. What is the highest common factor of f and 68?
17
Suppose -6 = -4*p + 30. Suppose -5*x + 5*v + 1010 = 0, 0 = 13*v - 10*v - 15. Suppose 18 - x = -3*z. Calculate the greatest common factor of p and z.
9
Let j = -9113 + 9161. What is the greatest common divisor of j and 1664?
16
Suppose 5*j = -4*p + 2430, 3*p + 0*p - 979 = -2*j. Let h = j + -284. Let m be -2*(h/(-4) + 4). What is the greatest common factor of 13 and m?
13
Let y be (-7 + 6)*1 - 507/(-3). Calculate the highest common factor of y and 54.
6
Suppose 115*h = 120*h - 2*p - 192, 0 = -4*h + 4*p + 168. What is the highest common factor of h and 348?
12
Let w(s) = -10*s**2 + 242*s - 934. Let n be w(10). Suppose 0 = x + u - 14, 4*x + 4*u - 6*u - 80 = 0. What is the highest common factor of x and n?
18
Suppose 209*r = 98*r + 75*r + 1008. What is the greatest common divisor of r and 316?
4
Let o = -4366 + 4373. What is the highest common divisor of 1029 and o?
7
Let g = 3255 - 2435. Calculate the highest common factor of g and 20.
20
Suppose 32 = 21*g - 25*g. Let x(c) = c + 20. Let s be x(g). Let a(j) = j**2 - 3*j - 2. Let u be a(-2). What is the greatest common divisor of s and u?
4
Suppose -b = -3*h - 2459, -3*h - 1 = 26. Calculate the greatest common divisor of 342 and b.
38
Let b be 2 + 49/17 + (-4)/(-34). Suppose h = -b*c + 3350, 15 = 3*h - 6*h. Calculate the greatest common factor of 11 and c.
11
Let d = -48 + 48. Suppose 5*k - 10 + 0 = d. What is the greatest common factor of k and 18?
2
Let u(x) = 147*x + 358. Let c be u(1). What is the greatest common divisor of 15 and c?
5
Suppose u + u + 5*l = 59, 0 = -4*u + 2*l + 154. Suppose -4*n + u = 1. Suppose 4*o + 20 = 56. Calculate the greatest common divisor of o and n.
9
Let c = -6381 + 6540. What is the highest common divisor of c and 4399?
53
Let f be (-519)/(-346) - 82*33/(-4). Calculate the greatest common divisor of 36 and f.
6
Suppose 0 = 5*y + 3*a - 3 + 4, -3*a = y - 7. Let b be 54 - y/(-6)*3. Suppose -54945 - 40243 = -449*s. What is the greatest common factor of b and s?
53
Let k be (20/5)/((-3804)/952 - -4). What is the greatest common factor of k and 2992?
136
Let k(v) = -2*v**3 - 2*v**2 - 2*v - 5. Let c be k(-4). Let f = c - 93. What is the highest common factor of 150 and f?
6
Let u(i) = -i**3 - i**2 + 9*i + 12. Let n be u(-4). Calculate the highest common factor of n and 404.
4
Suppose -624 + 2494 = -10*n. Let o = -182 - n. Calculate the greatest common divisor of 15 and o.
5
Suppose -344497 - 738427 = -109*x + 232597. What is the greatest common divisor of x and 81?
81
Let u be ((-9)/3 + 9)*(-2 + 8). Let n(m) = -6*m - 6. Let r = 4 + -7. Let o be n(r). Calculate the greatest common divisor of o and u.
12
Let n be (-14)/49*3836/(-8). Calculate the highest common factor of 959 and n.
137
Let x(d) = -68 - 81 - 81 + 6*d + 281. Let w be x(-5). Calculate the greatest common divisor of w and 42.
21
Let x be (-3662)/(-62) + (-156)/2418. Suppose -3*j - 23660 = 2*j. Let n be 6/(-8) + j/(-16). What is the highest common divisor of n and x?
59
Suppose 6*z + 57 = 3*j, -7*j + 12*j - 39 = 2*z. Calculate the highest common divisor of 14695 and j.
5
Suppose -1693*a - 9387 = -1696*a + 2*b, -5*b = -2*a + 6280. What is the greatest common factor of 250 and a?
125
Let s be (400/70)/((-14)/(-1029)). Suppose -2*x + 10*x = 720. Calculate the greatest common factor of s and x.
30
Let i = -60 - -21. Let c = 72 + i. Let g be c*4*(-4)/(-1*24). What is the greatest common divisor of g and 33?
11
Let k = 82 - 26. Suppose 11 = 2*a - 5*c, 5*c - 13 = -a - 0*c. Suppose 3*t = 32 - a. What is the highest common factor of k and t?
8
Let s be (4 + 24)*(41 - 16). What is the greatest common factor of 400 and s?
100
Suppose -3*y + 2*p + 318 = 0, p + 414 = 61*y - 57*y. Let a(l) = l**3 - 3*l**2 - 6*l - 1. Let q be a(7). Calculate the greatest common divisor of y and q.
51
Let b(h) = -2*h**2 - 3*h - 11. Let s be b(5). Let k = s + 78. Let r be k*((-15)/4)/5*-2. Calculate the greatest common divisor of r and 21.
3
Let h be 1121 + 8/((-96)/(-20))*6. Calculate the greatest common divisor of h and 1044.
87
Let x be (28/(-12))/(((-6)/(-20))/((-891)/15)). What is the highest common divisor of 22 and x?
22
Let i = -19326 + 19822. What is the greatest common factor of i and 3348?
124
Let o = 98 - 55. Let i be 2/(-6) - o/(-3). Let k(p) = 5*p**2 - 1574*p + 16486. Let z be k(304). Calculate the highest common divisor of i and z.
14
Suppose -183*t = 312*t - 2417580. Calculate the highest common factor of t and 528.
132
Suppose -3*g = 4*z - 60 - 200, -330 = -4*g - 2*z. Suppose 0 = -39*u + 46*u - 56. Let o be (u/(-8))/(4/(-20)). What is the highest common factor of g and o?
5
Suppose 1503 = 7*v - 744. Let x = v + 31. Calculate the highest common factor of 11 and x.
11
Suppose 274 = j - 3*i, -298 = -j - 5*i + 2*i. Let g = -16043 + 16087. Calculate the greatest common divisor of j and g.
22
Suppose 8*p + 250 = 13*p. Let k(v) = -v + 15. Let f be k(12). Suppose 0*m + t - 22 = -m, -f*t - 14 = -m. What is the highest common factor of m and p?
10
Suppose -27899 = 159*v - 70193. Let u be 4/10 - 639/(-15). Let q = u - 5. Calculate the greatest common factor of q and v.
38
Suppose -4*z - 8 = -8*z. Let r(m) = 34*m**3 + m**2 - 2*m. Let v be r(z). Let i = v - 194. What is the highest common factor of i and 13?
13
Let y(m) = -m**3 - 17*m**2 - 19*m + 15. Let x be (3 - 6)*16/3. Let d be y(x). Suppose 0 = 5*n - 45. Calculate the highest common factor of n and d.
9
Suppose -b - 2*b - 4*u + 136 = 0, -b + 54 = -3*u. Let g = b - 46. Let s be 6*(50/15 - g). What is the highest common factor of 88 and s?
8
Suppose -792 = -6*q - 12*q. Suppose -q*v + 3195 = -2745. Calculate the greatest common factor of v and 27.
27
Let z be 5*(-6)/(-3)*10/25. Suppose 0 = -z*m + 2*m + 460. Suppose 0 = -l + 3*l - m. What is the greatest common factor of 23 and l?
23
Let y be (-3 + (-4)/(-1))*(-6 - 3). Let s(w) = w**3 + 10*w**2 + 8*w + 13. Let f be s(y). What is the highest common divisor of 22 and f?
22
Let p = 1 - -2. Let g(l) = -2*l**3 - 2*l**2 + 7*l. Suppose 8*b - 257 = -281. Let x be g(b). What is the greatest common factor of x and p?
3
Suppose 3*u + 5*h = h + 32, 5*h - 5 = 5*u. Let d be -3*-1*80/u. Calculate the highest common divisor of 24 and d.
12
Let a = -1915 + 7151. Calculate the highest common divisor of a and 176.
44
Let h(b) = 42*b + 118. Let m be h(6). Let x = -33 + 43. Calculate the greatest common factor of x and m.
10
Let t = 1260 + -1036. Let w = -37 + 51. Calculate the 